alue of -26 + 44 + 4 + 2 + -12 + -7?
5
-7 + -7 + 14 + 4 + 2
6
Evaluate (4 - (1 - 50)) + -2 + -16.
35
Calculate (9 - 2) + (1 + -8 - (-10 - -14)).
-4
Evaluate 14 - (25 + -14 + -10).
13
-3 - ((-13 - (6 + -5 - 9)) + 5)
-3
-13 + -17 - -11 - -23
4
Calculate -16 + (-30 - -38 - 14).
-22
What is the value of (39 - 17) + 9 + (-5 - 16)?
10
30 - 1 - (-6 - (-15 + 13) - 2)
35
Evaluate -41 - -56 - 35 - 4.
-24
Calculate (-31 - 1) + 315 + -285.
-2
Calculate -10 - (-1 - (-2 + 8 + -10 - 4)).
-17
Calculate (-1 - 0 - (-1 + 30)) + 6 + 6.
-18
Evaluate -16 + (3 - (8 - 9)) + 8.
-4
Calculate -14 - -2 - (-45 + (91 - 45)).
-13
-1 - (-1 - 3) - (-11 - (-44 - -28))
-2
Evaluate -7 - (-43 + (31 - 17)) - (1 + -4).
25
What is (-3200 - -3209) + (-2 - -7 - (1 - 2))?
15
What is -13 - (-8 + -5 + -1 + 13 + 0)?
-12
What is the value of 0 + 5 + -45 + 70?
30
(-6 - (6 + -4)) + 3 - -2
-3
Calculate 9 + (4 - -3 - 9).
7
What is 7 + 7 + -10 + -23 + 7 - 2?
-14
Evaluate -2 - ((-6 + 12 - -5 - 4) + -1).
-8
What is the value of (3 - 15) + 2 - ((-24 - -1) + -8)?
21
-9 + (6 - 12 - (-5 + 8)) - 3
-21
Evaluate -1 - (-6 + 3 + -7) - (19 - 4).
-6
What is 1 - (18 + (5 - 23))?
1
What is the value of 2 - (-1 - ((-4 - -4) + -5 - -4))?
2
What is the value of (6 - ((-1 - -1) + (27 - 25))) + 4?
8
What is 4 - 0 - (-9 + 4)?
9
7 + 1 + (-1 - -3)
10
What is (0 - (-5 - -3)) + -7 - (-89 + 108)?
-24
What is the value of (1 - 0) + 17 + (11 - (47 + -18))?
0
Calculate -8 + 13 - (9 - -1 - -2).
-7
19 - 37 - 4 - -15
-7
What is the value of 26 + -13 - 30 - (-10 - 3)?
-4
Calculate (-12 - (-15 - -18 - 21)) + 14.
20
14 - (4 - 0) - (-56 - -32) - 10
24
8 + -7 + -19 + 11 + 14
7
What is -9 + (-1 - -13) - (3 - (-2 - -7))?
5
What is (23 - (-21 + 23)) + -12?
9
-7 - (-49 + 14 + 6)
22
Evaluate (3 - (-9 + 11) - 1) + -19.
-19
Calculate (-21 - (-8 + -9)) + 22.
18
6 + 16 + -21 - -23
24
What is the value of (-20 - -7) + 7 - -3 - -12?
9
What is the value of 11 + -16 + 3 + 5 - -5?
8
(0 - -4 - -4) + 16 - 9
15
What is the value of (-28 - -52) + -9 + 2 + -2 + -2?
13
Calculate -17 + 70 + -14 + -21.
18
Evaluate 55 - (39 + (-35 - -32)).
19
Calculate (15 - 0) + (59 - 32) + -22.
20
Evaluate -37 + 15 + 49 - (8 + 0).
19
What is 3 + 2 + (-17 + 6 - -36 - 8)?
22
What is the value of (-9 + -3 + -14 - 6) + 12?
-20
Evaluate 5 - (6 + -6 + 1).
4
Calculate -9 + 28 - 13 - -1.
7
What is the value of -1 + -2 - (-12 - (-7 + 10 - 1))?
11
Evaluate 7 + 8 + -29 - -1 - -3.
-10
Evaluate -6 + -7 + (-8 - -15) - -3.
-3
What is (19 - -1 - (6 - -3)) + 0 + -40?
-29
What is the value of (26 - (60 + -28)) + -7 + -1?
-14
Evaluate -29 + 14 + 19 + 4.
8
Calculate (5 - (13 + -17 - -1)) + 0.
8
Evaluate (-23 - (4 + (-13 - -5))) + -7.
-26
Calculate (5 + -15 - -22) + 1 + -8.
5
What is -37 - (8 + (-3 - (1 + 11)) + -4)?
-26
What is the value of 17 + (14 - (7 - -14))?
10
Calculate 22 + (9 - (29 - 5)) + 13.
20
What is the value of 165 - 172 - (1 + -2 + -3 + -2)?
-1
Calculate 15 - 0 - 12 - 10.
-7
Evaluate -11 + (5 - 0) - (13 + -21).
2
Evaluate 356 + -359 - (-1 + -3 + 2).
-1
Calculate (-14 + -9 - -22) + 22.
21
Evaluate 8 - 0 - 0 - (-6 - 2).
16
What is the value of 12 + -4 + 3 + -26?
-15
Evaluate (12 - (14 - 5 - 4)) + (-12 - -1).
-4
Evaluate -2 - -6 - (13 + -36).
27
Evaluate -7 + (-27 - -33) + (-1 - 9).
-11
What is the value of (26 - 43) + 30 + -4?
9
329 - 292 - (1 - -28)
8
Evaluate 23 + 43 - 22 - 59.
-15
Calculate 3 - (-4 - -3) - (-14 - (13 + -17)).
14
Evaluate (1 - (-10 - -6)) + -1.
4
(-9 + 0 + 17 - 1) + 1 + -7
1
5 + -2 + (1 - -5) - (116 - 76)
-31
-7 + (3 - (10 + -8) - -4)
-2
(0 - 9) + (-92 - -93)
-8
Calculate -9 - ((8 - 40) + 13).
10
What is (-11 - -5 - -13) + -12 + -5 - -22?
12
Calculate -27 + 0 + 26 + -11 + -7.
-19
Calculate 0 + (8 - (6 + 20)) - (-1 + -3).
-14
3 + 14 + (1 - ((-9 - 0) + 10))
17
What is -4 + 9 - (-24 - (-27 + -5))?
-3
(-13 - (-30 - -14) - 15) + 43
31
Calculate (7 - 0) + (-1 - (-3 + 3 + 3)).
3
What is the value of -17 + -16 + (0 - 1 - (3 + -4))?
-33
Calculate 12 + (0 - -7) + -19 + 19.
19
What is the value of (-10 - (-3 - 2 - 5)) + 8 - -8?
16
-21 + (20 - (33 - 21))
-13
What is 16 + (-2 - 19) + 1 + -7?
-11
What is the value of -22 + 1 + 14 + (-6 - -4) + -7?
-16
What is the value of (5 + -9 + -3 - -8) + (-1 - 2)?
-2
What is the value of -5 + (-111 + 114 - (3 + (-4 - 1)))?
0
0 + (-3 - 49) + 23
-29
What is the value of -12 + 26 + (-12 - -5)?
7
What is the value of -36 - ((0 - 14) + (0 - -4) + 1)?
-27
What is the value of 15 - (164 - 175 - (-14 - 2))?
10
Calculate -7 - 1 - ((-2 - -9) + -13).
-2
11 + 5 + (-15 + -2 + 6 - 2)
3
What is the value of 6 + 0 - (1 - 17 - (-66 - -57))?
13
What is 44 + -75 - -54 - 15?
8
Calculate 36 + -29 + -1 + -12.
-6
Evaluate -6 + -47 + 35 + -6 + -1.
-25
What is 8 + (-18 - (2 - -1) - -1)?
-12
What is (-9 - (17 + -15)) + 25?
14
Evaluate 4 + (-10 - -13 - 0 - (-19 - -5)).
21
What is -9 - -18 - (-2 - -2)?
9
What is (22 - 28) + -29 - -36?
1
What is (-9 - (-17 - -8 - -7)) + (22 - 0)?
15
Calculate 40 - (-15 + 14 + 23).
18
-13 + 15 - (-8 + 1 - (1 + 24))
34
Calculate -750 - -774 - (12 - 1).
13
What is the value of 3 - (-3 + 0 + (288 - 299))?
17
(-17 - 1) + (1 - 4) - 4
-25
Evaluate 4 + (6 - (-3 + 4 - (-5 + 6))).
10
What is the value of (-1 - -9) + -2 - (-78 + 84) - 7?
-7
43 + -25 + -17 + -1 + -1
-1
What is the value of -27 - 1 - (-328 + 321)?
-21
Evaluate (-1 - -18) + (17 + -13 - -7) + -10.
18
Calculate -1 + (-10 - (-10 - 0)).
-1
1 + (6 - 11) + 2 + -6
-8
What is the value of 18 + 1 - (-6 - -2) - 7?
16
What is the value of (10 - (3 - 4)) + (2 - 15)?
-2
What is the value of -3 + 0 - 2 - (84 - 112) - 0?
23
Evaluate 1 + 1 + -11 + (5 - (26 + -4)).
-26
Calculate 15 - 5 - 36 - (-3 - (-1 - -6)).
-18
Evaluate -11 + 15 + -5 - -11.
10
Evaluate (-3 + 0 - 2) + 0 - (-1647 - -1621).
21
Calculate -8 - (12 + (-22 - -6 - -6)) - -41.
31
Calculate (5 - -4) + -10 + (-12 - -22).
9
What is the value of (1 - 3) + 48 + -35 - 1?
10
What is the value of 3 + 42 + -1 + -43?
1
Evaluate -19 + (-82 + 97 - (-1 - -19)).
-22
((-10 - -12) + 1 - 7) + (-2 - 6)
-12
What is the value of -14 + 10 + -3 + 21 + 1 + 1?
16
What is the value of -3 + 15 - 14 - -1 - (-1 - -20)?
-20
What is 5 + -27 + -2 + (-10 - -14 - 10)?
-30
Calculate -5 - -5 - (-31 - -15).
16
Evaluate 9 + 19 + (-18 - 5).
5
Evaluate -5 + 0 + (6 + 0 - -4).
5
What is the value of (6 - 21 - (-11 + -1)) + 23?
20
Evaluate 36 + -22 + -25 + 11.
0
Evaluate -14 - (-9 - -4 - 15).
6
(-23 - 3) + (-4 - -8) + -12
-34
What is the value of 50 + -35 + (-4 - 5)?
6
What is (-8 - 15) + 7 - -9?
-7
What is the value of 44 + -49 + (2 - 1) + -4?
-8
What is -2 - 22 - (60 - 84)?
0
Evaluate -24 + 43 + 12 + -48.
-17
Calculate (19 - 1) + -29 + 8 + -1.
-4
What is (33 + -16 + 5 - 13) + 9?
18
What is -6 - (10 + -7 - ((1 - 2) + 2))?
-8
What is -29 + (-18 - (-1 - 40))?
-6
Calculate (-13 - -26) + -3 + -11 - (-11 + 6).
4
What is 9 - 2 - (-11 + 11 + -13 - -5)?
15
What is 7 + 11 + -20 + (-2 - (-32 + 1))?
27
Evaluate -5 + (-2 - -3) + 5 + 8.
9
What is 1 + -2 - (13 - (20 + (6 - 1)))?
11
Evaluate 7 - (9 - (-17 + 20)).
1
What is the value of 3 - (-9 - -4) - 20?
-12
Calculate -31 + 10 + (-5 - -3 - -5) + 8.
-10
What is the value of 0 + (3 - 21) + 19 - (1 + -16)?
16
Evaluate 2 - 41 - (-7 + 12 + -23).
-21
Evaluate (37 - 76 - -31) + 36.
28
Calculate -10 + -1 + -9 + 13 + 3.
-4
Calculate 6 - 4 - (-3 + (9 - 0)).
-4
Calculate (4 - 1) + -122 + 112.
-7
What is the value of 5 + (-9 - -9) - 24 - (1 + -9)?
-11
35 - (5 - (-19 - -8))
19
68 - 75 - (9 - 38)
22
What is the value of 13 + (-18 + -12 - 6) - (-1 + -2)?
-20
3 - (-10 + 13) - (-36 + 27)
9
Calculate (-1 - -5 - (52 - 51)) + -8 + 8.
3
3 + 3 - -10 - (-10 - -1 - -3)
22
What is the value of 4 + (-2 - 4 - -3) + -3?
-2
-2 + 5 + (13 - 8 - -5)
13
(0 + -1 - 7) + (373 - 371)
-6
Evaluate (3 + -21 - -35) + -18.
-1
What is 7 + -35 + (7 - (-1 + -1)) + 6?
-13
(-27 - -66 - 45) + 6 + -1 + 2
1
What is the value of -23 - (-24 + 15 + -32)?
18
Evaluate -2 - (3 - ((14 - 6) + -2)) - 9.
-8
What is the value of (-1 - (-5 + 0) - 9) + 6 + -1?
0
What is -9 + 7 + -19 - -12?
-9
Evaluate -3 + 14 - (-94 - -112).
-7
What is the value of (9 - 37) + 23 - (-1 - -6)?
-10
What is the value of -3 + -12 + (1 - -4 - (18 - 1))?
-27
What is (4 - 2) + 2 + -1 - (246 + -241)?
-2
-7 + (-5 + 4 - -6) + -9
-11
Calculate -3 + 12 + -3 + -33 + -7.
-34
-3 - (9 - ((64 - -9) + -12 + -11))
38
Evaluate 